and 17748?
1044
Calculate the greatest common factor of 53911 and 2871.
319
Calculate the greatest common factor of 86014 and 2.
2
What is the greatest common factor of 1876 and 2828?
28
What is the highest common factor of 26573 and 1?
1
What is the greatest common divisor of 40 and 8660?
20
What is the greatest common divisor of 38660 and 220?
20
Calculate the highest common divisor of 8 and 173000.
8
Calculate the greatest common divisor of 1157 and 3293.
89
Calculate the greatest common factor of 117007 and 77.
11
Calculate the highest common divisor of 252 and 838278.
126
What is the greatest common factor of 298 and 62878?
298
What is the greatest common factor of 11323 and 37453?
871
What is the greatest common factor of 1952 and 3599?
61
What is the highest common divisor of 1515888 and 464?
464
What is the highest common factor of 2185 and 94392?
437
What is the highest common factor of 3102 and 132?
66
Calculate the greatest common divisor of 57566 and 807.
269
What is the highest common divisor of 27507 and 120?
3
What is the greatest common factor of 279630 and 351?
117
What is the highest common divisor of 22542 and 204?
102
Calculate the highest common divisor of 480 and 3460.
20
What is the greatest common divisor of 177 and 11741?
59
What is the highest common factor of 189 and 86049?
27
Calculate the greatest common factor of 222451 and 141.
47
What is the highest common divisor of 136 and 49096?
136
What is the highest common divisor of 507 and 431119?
169
What is the greatest common factor of 583663 and 15011?
883
Calculate the greatest common factor of 335624 and 120.
8
What is the highest common factor of 6402 and 726?
66
Calculate the highest common factor of 1748 and 8.
4
Calculate the highest common factor of 258 and 1419.
129
What is the greatest common divisor of 7220 and 6460?
380
Calculate the greatest common factor of 7349455 and 205.
205
What is the highest common factor of 7090 and 214827?
709
What is the highest common factor of 200412 and 171?
171
What is the highest common factor of 126 and 5028597?
63
What is the greatest common factor of 1207 and 256807?
71
Calculate the greatest common divisor of 836 and 12100.
44
Calculate the greatest common divisor of 285 and 2206185.
285
What is the greatest common factor of 4212 and 109188?
324
Calculate the highest common divisor of 464 and 25433.
29
Calculate the highest common factor of 4176 and 667.
29
What is the greatest common factor of 1518 and 3818?
46
What is the greatest common factor of 16 and 119624?
8
What is the greatest common factor of 12025 and 1750?
25
What is the highest common factor of 20 and 256784?
4
Calculate the greatest common divisor of 52 and 575084.
4
Calculate the greatest common divisor of 616 and 45122.
154
Calculate the highest common divisor of 7 and 3594899.
7
What is the greatest common divisor of 36 and 689004?
36
What is the highest common divisor of 328778 and 172?
86
Calculate the greatest common factor of 110 and 4015.
55
Calculate the greatest common divisor of 2 and 35051.
1
What is the highest common divisor of 556826 and 6?
2
Calculate the highest common factor of 96188 and 10034.
346
What is the highest common factor of 457 and 1371?
457
Calculate the highest common factor of 71892 and 171.
9
What is the greatest common divisor of 283619 and 84?
7
Calculate the highest common factor of 26 and 443573.
13
Calculate the greatest common factor of 18711 and 1309.
77
Calculate the highest common factor of 17760 and 690.
30
What is the highest common divisor of 117 and 292864?
13
What is the highest common divisor of 184640 and 2144?
32
Calculate the highest common factor of 636 and 64.
4
What is the highest common factor of 27 and 133461?
27
What is the greatest common factor of 1751 and 58298?
103
What is the greatest common factor of 4427532 and 76?
76
What is the greatest common divisor of 54288 and 8892?
468
Calculate the highest common divisor of 70084 and 224.
28
Calculate the highest common factor of 16 and 15361.
1
Calculate the highest common factor of 2304 and 405.
9
What is the greatest common factor of 2645 and 56603?
529
What is the highest common divisor of 164410 and 1640?
410
Calculate the greatest common divisor of 5616 and 1976.
104
What is the greatest common factor of 903716 and 15181?
893
What is the greatest common divisor of 855 and 91580?
95
Calculate the greatest common divisor of 77 and 110297.
11
Calculate the highest common divisor of 247911 and 34.
17
Calculate the greatest common divisor of 3061864 and 944.
472
Calculate the greatest common divisor of 4088 and 901112.
584
Calculate the greatest common divisor of 7049 and 3591.
133
What is the highest common divisor of 70328 and 16048?
472
Calculate the greatest common divisor of 773442 and 6.
6
What is the greatest common divisor of 16 and 64680?
8
Calculate the greatest common divisor of 799 and 320399.
799
What is the highest common factor of 244549 and 76?
19
Calculate the highest common divisor of 2832 and 2.
2
Calculate the highest common factor of 1775046 and 26.
26
What is the greatest common divisor of 3556657 and 7988?
1997
Calculate the greatest common factor of 48 and 1638176.
16
What is the greatest common factor of 4060 and 980?
140
What is the highest common factor of 1386 and 77374?
22
Calculate the highest common factor of 63 and 236043.
9
What is the greatest common factor of 3915 and 6815?
145
Calculate the greatest common divisor of 5073 and 171.
57
Calculate the highest common factor of 84 and 6393.
3
What is the highest common factor of 196967 and 431?
431
What is the greatest common divisor of 7112 and 84?
28
Calculate the greatest common factor of 65 and 35503.
13
Calculate the highest common divisor of 286 and 71552.
26
Calculate the highest common divisor of 224 and 3556.
28
What is the greatest common factor of 200 and 452?
4
What is the highest common divisor of 104 and 103142?
26
What is the greatest common factor of 4669 and 35?
7
Calculate the greatest common factor of 369948 and 36.
12
Calculate the highest common divisor of 275 and 1485.
55
What is the highest common factor of 1328 and 14027?
83
Calculate the greatest common divisor of 25467 and 312.
39
What is the highest common factor of 425 and 111061?
17
Calculate the greatest common factor of 1974 and 27174.
42
What is the greatest common factor of 166010 and 1820?
130
Calculate the highest common factor of 2227 and 289.
17
Calculate the greatest common divisor of 148671 and 3.
3
Calculate the greatest common divisor of 301960 and 48.
8
Calculate the greatest common divisor of 3776 and 64.
64
Calculate the greatest common divisor of 147 and 83104.
49
What is the highest common divisor of 15 and 74589?
3
Calculate the greatest common factor of 6667 and 173907.
113
What is the greatest common divisor of 1059 and 63893?
353
What is the highest common divisor of 7719 and 372?
93
What is the highest common factor of 8784 and 120?
24
What is the highest common divisor of 14 and 22022?
14
What is the greatest common divisor of 869362 and 174?
58
What is the highest common factor of 315 and 13615?
35
What is the highest common factor of 741 and 156?
39
What is the greatest common divisor of 6860 and 35?
35
Calculate the greatest common divisor of 1374 and 2118.
6
What is the highest common factor of 215 and 8686?
43
What is the greatest common factor of 330 and 17988?
6
Calculate the greatest common factor of 2568 and 132894.
642
What is the highest common factor of 315436 and 2222?
22
Calculate the greatest common factor of 1375 and 104225.
275
Calculate the highest common factor of 14 and 68243.
7
What is the greatest common factor of 1168 and 652620?
292
What is the greatest common factor of 310320 and 13680?
720
Calculate the greatest common factor of 10602 and 6169.
31
What is the greatest common divisor of 44 and 24794?
22
Calculate the highest common factor of 10881 and 4671.
27
What is the highest common factor of 131 and 1253408?
131
Calculate the highest common factor of 210156 and 283584.
2532
What is the greatest common factor of 49532 and 10675?
427
Calculate the greatest common divisor of 2761 and 111193.
251
Calculate the highest common factor of 350 